{"id":33,"date":"2024-06-18T14:53:33","date_gmt":"2024-06-18T17:53:33","guid":{"rendered":"https:\/\/ici.unq.edu.ar\/?page_id=33"},"modified":"2026-03-16T10:53:52","modified_gmt":"2026-03-16T13:53:52","slug":"materia","status":"publish","type":"page","link":"https:\/\/ici.unq.edu.ar\/?page_id=33","title":{"rendered":"Materia"},"content":{"rendered":"\n<div class=\"wp-block-uagb-container uagb-block-ece61696 alignfull uagb-is-root-container\"><div class=\"uagb-container-inner-blocks-wrap\">\n<div class=\"wp-block-uagb-container uagb-block-75b92f86\"><\/div>\n\n\n\n<div class=\"wp-block-uagb-container uagb-block-dada1f6a\">\n<div class=\"wp-block-uagb-advanced-heading uagb-block-e40e3605\"><h2 class=\"uagb-heading-text\">Sobre la materia<\/h2><\/div>\n<\/div>\n\n\n\n<div class=\"wp-block-uagb-container uagb-block-5b9644e1\"><\/div>\n<\/div><\/div>\n\n\n\n<div class=\"wp-block-uagb-container uagb-block-9bb61a4e alignfull uagb-is-root-container\"><div class=\"uagb-container-inner-blocks-wrap\">\n<div class=\"wp-block-uagb-container uagb-block-98b3025a\"><\/div>\n\n\n\n<div class=\"wp-block-uagb-container uagb-block-345e120d\">\n<p>El objetivo general de la materia es poner a disposici\u00f3n de los estudiantes elementos y herramientas para analizar las potencialidades y limitaciones que presenta la conformaci\u00f3n actual de la econom\u00eda mundial para el desarrollo de los espacios econ\u00f3micos nacionales enfocando en el papel que el comercio internacional puede desempe\u00f1ar en dicho proceso y reconociendo sus efectos a nivel global, regional, local y empresa. Con el objetivo que los estudiantes desarrollen habilidades t\u00e9cnicas iniciales propias de la profesi\u00f3n, se trabajar\u00e1 en la producci\u00f3n de informes e investigaciones b\u00e1sicas utilizadas en los negocios internacionales. Se pretende que la materia sea tambi\u00e9n veh\u00edculo de las inquietudes sobre la profesi\u00f3n, por lo que a lo largo de la cursada se presentar\u00e1n las distintas instancias de desarrollo profesional en las diversas esferas del comercio internacional.<\/p>\n\n\n\n<p>El curso se compone de cuatro unidades, cada una de las cuales contiene objetivos de aprendizaje espec\u00edficos. El prop\u00f3sito central de la primera unidad es el de propender al conocimiento de las principales caracter\u00edsticas de la estructura actual de la econom\u00eda mundial, enfocando principalmente sobre la globalizaci\u00f3n y el comercio mundial. El prop\u00f3sito de la segunda unidad es conocer la conformaci\u00f3n del sistema multilateral de comercio y los procesos de integraci\u00f3n y regionalizaci\u00f3n econ\u00f3mica, haciendo hincapi\u00e9 en el MERCOSUR y sus efectos y potencialidades para el comercio exterior argentino. En la tercera unidad se trabajar\u00e1 sobre la cuesti\u00f3n territorial como factor de competitividad internacional. Finalmente, en la cuarta unidad se trabajar\u00e1 sobre la internacionalizaci\u00f3n de los negocios, revisando las estrategias empresariales y sus principales herramientas, enfocando en las caracter\u00edsticas y necesidades de las MiPyMEs y su proceso de internacionalizaci\u00f3n.<\/p>\n<\/div>\n\n\n\n<div class=\"wp-block-uagb-container uagb-block-a09fc7c5\"><\/div>\n<\/div><\/div>\n\n\n\n<div class=\"wp-block-uagb-container uagb-block-a2f584d1 alignfull uagb-is-root-container\"><div class=\"uagb-container-inner-blocks-wrap\">\n<div class=\"wp-block-uagb-container uagb-block-edab0fdb\"><\/div>\n\n\n\n<div class=\"wp-block-uagb-call-to-action uagb-block-2dfe9dbb wp-block-button\"><div class=\"uagb-cta__wrap\"><h4 class=\"uagb-cta__title\">Programa Regular<\/h4><p class=\"uagb-cta__desc\">Cursada cuatrimestral<\/p><\/div><div class=\"uagb-cta__buttons\"><a href=\"https:\/\/ici.unq.edu.ar\/wp-content\/uploads\/2025\/07\/Programa_ICI_2025_regular.pdf\" class=\"uagb-cta__button-link-wrapper wp-block-button__link\" target=\"_blank\" rel=\"noopener noreferrer\"><svg xmlns=\"https:\/\/www.w3.org\/2000\/svg\" viewBox=\"0 0 384 512\"><path d=\"M88 304H80V256H88C101.3 256 112 266.7 112 280C112 293.3 101.3 304 88 304zM192 256H200C208.8 256 216 263.2 216 272V336C216 344.8 208.8 352 200 352H192V256zM224 0V128C224 145.7 238.3 160 256 160H384V448C384 483.3 355.3 512 320 512H64C28.65 512 0 483.3 0 448V64C0 28.65 28.65 0 64 0H224zM64 224C55.16 224 48 231.2 48 240V368C48 376.8 55.16 384 64 384C72.84 384 80 376.8 80 368V336H88C118.9 336 144 310.9 144 280C144 249.1 118.9 224 88 224H64zM160 368C160 376.8 167.2 384 176 384H200C226.5 384 248 362.5 248 336V272C248 245.5 226.5 224 200 224H176C167.2 224 160 231.2 160 240V368zM288 224C279.2 224 272 231.2 272 240V368C272 376.8 279.2 384 288 384C296.8 384 304 376.8 304 368V320H336C344.8 320 352 312.8 352 304C352 295.2 344.8 288 336 288H304V256H336C344.8 256 352 248.8 352 240C352 231.2 344.8 224 336 224H288zM256 0L384 128H256V0z\"><\/path><\/svg>Descargar<\/a><\/div><\/div>\n\n\n\n<div class=\"wp-block-uagb-call-to-action uagb-block-664e16f5 wp-block-button\"><div class=\"uagb-cta__wrap\"><h4 class=\"uagb-cta__title\">Programa Libre<\/h4><p class=\"uagb-cta__desc\">Mesas de examen<\/p><\/div><div class=\"uagb-cta__buttons\"><a href=\"https:\/\/ici.unq.edu.ar\/wp-content\/uploads\/2025\/08\/Programa_ICI_2025_libre.pdf\" class=\"uagb-cta__button-link-wrapper wp-block-button__link\" target=\"_blank\" rel=\"noopener noreferrer\"><svg xmlns=\"https:\/\/www.w3.org\/2000\/svg\" viewBox=\"0 0 384 512\"><path d=\"M88 304H80V256H88C101.3 256 112 266.7 112 280C112 293.3 101.3 304 88 304zM192 256H200C208.8 256 216 263.2 216 272V336C216 344.8 208.8 352 200 352H192V256zM224 0V128C224 145.7 238.3 160 256 160H384V448C384 483.3 355.3 512 320 512H64C28.65 512 0 483.3 0 448V64C0 28.65 28.65 0 64 0H224zM64 224C55.16 224 48 231.2 48 240V368C48 376.8 55.16 384 64 384C72.84 384 80 376.8 80 368V336H88C118.9 336 144 310.9 144 280C144 249.1 118.9 224 88 224H64zM160 368C160 376.8 167.2 384 176 384H200C226.5 384 248 362.5 248 336V272C248 245.5 226.5 224 200 224H176C167.2 224 160 231.2 160 240V368zM288 224C279.2 224 272 231.2 272 240V368C272 376.8 279.2 384 288 384C296.8 384 304 376.8 304 368V320H336C344.8 320 352 312.8 352 304C352 295.2 344.8 288 336 288H304V256H336C344.8 256 352 248.8 352 240C352 231.2 344.8 224 336 224H288zM256 0L384 128H256V0z\"><\/path><\/svg>Descargar<\/a><\/div><\/div>\n\n\n\n<div class=\"wp-block-uagb-container uagb-block-d0adbecb\"><\/div>\n<\/div><\/div>\n\n\n\n<div class=\"wp-block-uagb-container uagb-block-0a549392 alignfull uagb-is-root-container\"><div class=\"uagb-container-inner-blocks-wrap\">\n<div class=\"wp-block-uagb-container uagb-block-e76eb480\"><\/div>\n\n\n\n<div class=\"wp-block-uagb-container uagb-block-e9836fb0\">\n<p>Como puede apreciarse en el programa, el enfoque adoptado procura tratar adecuadamente los aspectos conceptuales y los anal\u00edticos, los conocimientos te\u00f3ricos y los espec\u00edficos, en procura de una formaci\u00f3n balanceada de los estudiantes. Con el fin de incentivar la participaci\u00f3n, se les informar\u00e1 con <em>anticipaci\u00f3n <\/em>a cada clase los textos cuya lectura les permitir\u00e1 contar con los elementos y antecedentes adecuados. Asimismo, se procura presentar distintos enfoques en el tratamiento de los temas, con el prop\u00f3sito de fomentar en los estudiantes la reflexi\u00f3n cr\u00edtica.<br><br>Para un mejor aprovechamiento de la din\u00e1mica de la materia, se recomienda haber cursado previamente las siguientes materias: Introducci\u00f3n al Pensamiento Econ\u00f3mico, Introducci\u00f3n a la Econom\u00eda, Estructura Econ\u00f3mica Mundial y Argentina, Microeconom\u00eda y Macroeconom\u00eda.<br><br><strong><em>Horas de estudio recomendadas (extra clase): 6 a 8 semanales<\/em><\/strong><\/p>\n\n\n\n<p><strong>Modalidad de dictado<\/strong><br><br>La modalidad de dictado es presencial y virtual sincr\u00f3nica, compuesta por clases te\u00f3ricas, instancias de trabajo en clase, instancias de revisi\u00f3n de contenidos e instancias de evaluaci\u00f3n. Adem\u00e1s, en la medida de lo posible, se incluyen actividades complementarias como la visita a diferentes sitios vinculados al comercio internacional (puertos, zonas de exportaci\u00f3n y log\u00edstica, etc.)<\/p>\n\n\n\n<p class=\"has-small-font-size\"><strong>Contenidos tem\u00e1ticos<\/strong><br><br><strong>UNIDAD 1: Globalizaci\u00f3n y comercio<\/strong><br>1.1 Internacionalizaci\u00f3n del comercio: Rese\u00f1a hist\u00f3rica del comercio internacional; principales etapas de la econom\u00eda y el comercio mundial.<br>1.2 Teor\u00edas y evoluci\u00f3n del comercio internacional: Mercantilismo; Adam Smith; David Ricardo; Heckscher y Ohlin; Nuevas Teor\u00edas del Comercio Internacional y Pol\u00edtica Comercial Estrat\u00e9gica.<br>1.3 Patrones internacionales de comercio: Revisi\u00f3n de las formas de producci\u00f3n industrial; el surgimiento de los sistemas internacional de producci\u00f3n integrada y sus implicancias en el intercambio mundial de bienes y servicios. Industria 4.0 y Cuarta Revoluci\u00f3n Industrial.<br>1.4 Globalizaci\u00f3n e internacionalizaci\u00f3n: Revisi\u00f3n del proceso de globalizaci\u00f3n desde su car\u00e1cter hist\u00f3rico y multidimensional. La dimensi\u00f3n econ\u00f3mica de la globalizaci\u00f3n, impacto y potencialidades para el comercio.<br><br><strong>UNIDAD 2: Multilateralismo, regionalismo y comercio<\/strong><br>2.1 Negociaciones internacionales: Proteccionismo y libre comercio; barreras arancelarias y no arancelarias; organismos internacionales y multilaterales; GATT y OMC: principios y acuerdos.<br>2.2 Acuerdos regionales de comercio: Procesos de integraci\u00f3n comercial y econ\u00f3mica; etapas y grados de integraci\u00f3n; experiencias regionales UE, TMEC, ALADI, ASEAN y MERCOSUR<br>2.3 Pol\u00edtica de comercio exterior argentina: Antecedentes, presente y futuro del MERCOSUR.<br><br><strong>UNIDAD 3: Territorio y comercio<\/strong><br>3.1 El territorio como factor de competitividad: la marca pa\u00eds en el comercio internacional. El caso argentino. El rol de las ciudades en el comercio internacional; el territorio como factor de competitividad.<br>3.2 Pol\u00edticas locales de competitividad y comercio exterior: Desarrollo ex\u00f3geno y desarrollo end\u00f3geno; pol\u00edtica exterior local; estrategias y pol\u00edticas locales de comercio exterior.<br>3.3 La ciudad y la empresa: La ciudad como factor clave de la competitividad empresarial, la metr\u00f3polis como medio innovador, la relaci\u00f3n entre la ciudad y las empresas.<br><br><strong>UNIDAD 4: Empresa y comercio<\/strong><br>4.1 Internacionalizaci\u00f3n de la empresa: Internacionalizaci\u00f3n de los negocios, estrategias empresariales de internacionalizaci\u00f3n.<br>4.2 Marketing de empresa para comercio internacional: Elecci\u00f3n de los mercados; adaptaci\u00f3n comercial de los productos; canales de comercializaci\u00f3n. C\u00e1lculo del costo y precio de exportaci\u00f3n; estrategias de fijaci\u00f3n de precios<br>4.3 Log\u00edstica y distribuci\u00f3n: cadenas globales de suministros, la funci\u00f3n log\u00edstica en la empresa, log\u00edstica y ventajas competitivas, contenedores multimodales, INCOTERMS.<br>4.4 Las MyPyMEs y el comercio internacional: Las MypiMEs en las cadenas globales de valor, estrategias de internacionalizaci\u00f3n para MiPyMES, la asociatividad como estrategia: los consorcios de exportaci\u00f3n.<\/p>\n<\/div>\n\n\n\n<div class=\"wp-block-uagb-container uagb-block-acceef47\"><\/div>\n<\/div><\/div>\n","protected":false},"excerpt":{"rendered":"<p>Sobre la materia El objetivo general de la materia es poner a disposici\u00f3n de los estudiantes elementos y herramientas para [&hellip;]<\/p>\n","protected":false},"author":1,"featured_media":0,"parent":0,"menu_order":0,"comment_status":"closed","ping_status":"closed","template":"","meta":{"_uag_custom_page_level_css":"","site-sidebar-layout":"default","site-content-layout":"","ast-site-content-layout":"default","site-content-style":"default","site-sidebar-style":"default","ast-global-header-display":"","ast-banner-title-visibility":"","ast-main-header-display":"","ast-hfb-above-header-display":"","ast-hfb-below-header-display":"","ast-hfb-mobile-header-display":"","site-post-title":"disabled","ast-breadcrumbs-content":"","ast-featured-img":"","footer-sml-layout":"","theme-transparent-header-meta":"","adv-header-id-meta":"","stick-header-meta":"","header-above-stick-meta":"","header-main-stick-meta":"","header-below-stick-meta":"","astra-migrate-meta-layouts":"default","ast-page-background-enabled":"default","ast-page-background-meta":{"desktop":{"background-color":"var(--ast-global-color-4)","background-image":"","background-repeat":"repeat","background-position":"center center","background-size":"auto","background-attachment":"scroll","background-type":"","background-media":"","overlay-type":"","overlay-color":"","overlay-opacity":"","overlay-gradient":""},"tablet":{"background-color":"","background-image":"","background-repeat":"repeat","background-position":"center center","background-size":"auto","background-attachment":"scroll","background-type":"","background-media":"","overlay-type":"","overlay-color":"","overlay-opacity":"","overlay-gradient":""},"mobile":{"background-color":"","background-image":"","background-repeat":"repeat","background-position":"center center","background-size":"auto","background-attachment":"scroll","background-type":"","background-media":"","overlay-type":"","overlay-color":"","overlay-opacity":"","overlay-gradient":""}},"ast-content-background-meta":{"desktop":{"background-color":"var(--ast-global-color-5)","background-image":"","background-repeat":"repeat","background-position":"center center","background-size":"auto","background-attachment":"scroll","background-type":"","background-media":"","overlay-type":"","overlay-color":"","overlay-opacity":"","overlay-gradient":""},"tablet":{"background-color":"var(--ast-global-color-5)","background-image":"","background-repeat":"repeat","background-position":"center center","background-size":"auto","background-attachment":"scroll","background-type":"","background-media":"","overlay-type":"","overlay-color":"","overlay-opacity":"","overlay-gradient":""},"mobile":{"background-color":"var(--ast-global-color-5)","background-image":"","background-repeat":"repeat","background-position":"center center","background-size":"auto","background-attachment":"scroll","background-type":"","background-media":"","overlay-type":"","overlay-color":"","overlay-opacity":"","overlay-gradient":""}},"footnotes":""},"class_list":["post-33","page","type-page","status-publish","hentry"],"uagb_featured_image_src":{"full":false,"thumbnail":false,"medium":false,"medium_large":false,"large":false,"1536x1536":false,"2048x2048":false},"uagb_author_info":{"display_name":"gleva","author_link":"https:\/\/ici.unq.edu.ar\/?author=1"},"uagb_comment_info":0,"uagb_excerpt":"Sobre la materia El objetivo general de la materia es poner a disposici\u00f3n de los estudiantes elementos y herramientas para [&hellip;]","_links":{"self":[{"href":"https:\/\/ici.unq.edu.ar\/index.php?rest_route=\/wp\/v2\/pages\/33","targetHints":{"allow":["GET"]}}],"collection":[{"href":"https:\/\/ici.unq.edu.ar\/index.php?rest_route=\/wp\/v2\/pages"}],"about":[{"href":"https:\/\/ici.unq.edu.ar\/index.php?rest_route=\/wp\/v2\/types\/page"}],"author":[{"embeddable":true,"href":"https:\/\/ici.unq.edu.ar\/index.php?rest_route=\/wp\/v2\/users\/1"}],"replies":[{"embeddable":true,"href":"https:\/\/ici.unq.edu.ar\/index.php?rest_route=%2Fwp%2Fv2%2Fcomments&post=33"}],"version-history":[{"count":22,"href":"https:\/\/ici.unq.edu.ar\/index.php?rest_route=\/wp\/v2\/pages\/33\/revisions"}],"predecessor-version":[{"id":823,"href":"https:\/\/ici.unq.edu.ar\/index.php?rest_route=\/wp\/v2\/pages\/33\/revisions\/823"}],"wp:attachment":[{"href":"https:\/\/ici.unq.edu.ar\/index.php?rest_route=%2Fwp%2Fv2%2Fmedia&parent=33"}],"curies":[{"name":"wp","href":"https:\/\/api.w.org\/{rel}","templated":true}]}}